st common factor of 6039 and 72.
9
Calculate the greatest common factor of 383700 and 4.
4
Calculate the greatest common divisor of 307965 and 30.
15
Calculate the highest common divisor of 465 and 93975.
15
Calculate the highest common divisor of 132 and 151492.
44
What is the highest common factor of 2 and 591?
1
Calculate the highest common divisor of 75 and 1909335.
15
Calculate the highest common divisor of 9219 and 39.
3
What is the highest common factor of 91 and 1281?
7
Calculate the greatest common divisor of 1146680 and 40.
40
Calculate the highest common divisor of 76 and 126502.
38
Calculate the greatest common factor of 45730 and 22327.
269
What is the greatest common divisor of 50043 and 189?
21
Calculate the highest common divisor of 74165 and 273.
91
What is the highest common divisor of 4085 and 10105?
215
What is the greatest common factor of 127 and 2204593?
127
Calculate the highest common divisor of 6048 and 250656.
672
Calculate the greatest common divisor of 6 and 324066.
6
What is the greatest common divisor of 77 and 90321?
77
Calculate the highest common divisor of 2044 and 187756.
292
Calculate the highest common factor of 306 and 21834.
18
What is the highest common divisor of 156 and 660556?
52
What is the greatest common factor of 150349 and 11381?
599
Calculate the greatest common factor of 28 and 126476.
28
What is the greatest common divisor of 512 and 35968?
128
Calculate the highest common factor of 490 and 58555.
245
What is the greatest common divisor of 615 and 17940?
15
What is the greatest common divisor of 550 and 12595?
55
What is the greatest common divisor of 3663067 and 1387?
1387
Calculate the highest common factor of 5400 and 21168.
216
What is the greatest common factor of 210 and 34930?
70
Calculate the highest common factor of 9030 and 2730.
210
What is the highest common factor of 7519 and 27083?
73
What is the greatest common factor of 1375384 and 8?
8
Calculate the greatest common divisor of 34045 and 110.
55
What is the highest common factor of 11 and 72061?
11
Calculate the highest common factor of 77178 and 570.
114
Calculate the highest common factor of 80 and 96200.
40
What is the greatest common divisor of 200408 and 40?
8
What is the highest common divisor of 163 and 1140511?
163
What is the highest common divisor of 131 and 37859?
131
Calculate the highest common divisor of 25 and 362.
1
What is the highest common divisor of 5 and 3986385?
5
What is the highest common divisor of 8544 and 163404?
1068
Calculate the greatest common factor of 34790 and 8.
2
What is the greatest common divisor of 128 and 8416?
32
What is the greatest common divisor of 52731 and 31185?
567
Calculate the greatest common divisor of 6790 and 203021.
679
Calculate the highest common divisor of 391 and 5911.
23
Calculate the greatest common divisor of 6291 and 24543.
27
What is the highest common divisor of 18 and 38706?
6
What is the greatest common divisor of 248 and 1643?
31
What is the greatest common factor of 92 and 20134384?
92
Calculate the greatest common factor of 104204 and 8.
4
Calculate the greatest common divisor of 1402 and 6.
2
Calculate the greatest common factor of 1248 and 64.
32
What is the greatest common divisor of 10 and 4145?
5
What is the highest common divisor of 6500 and 413500?
500
Calculate the greatest common factor of 7514 and 364.
26
What is the greatest common factor of 59247 and 18?
9
Calculate the highest common factor of 1225 and 6517.
49
Calculate the greatest common divisor of 520 and 502020.
20
Calculate the highest common divisor of 119232 and 460.
92
What is the highest common factor of 234 and 622518?
78
Calculate the highest common divisor of 246 and 505366.
82
What is the highest common factor of 15006 and 428586?
366
What is the greatest common divisor of 2208 and 2784?
96
What is the highest common divisor of 1450696 and 37?
37
Calculate the highest common divisor of 905 and 20453.
181
Calculate the greatest common factor of 883948 and 6112.
764
What is the greatest common factor of 2 and 5659?
1
What is the highest common divisor of 2518970 and 10?
10
What is the highest common factor of 15300 and 6528?
204
Calculate the greatest common divisor of 416133 and 117.
9
Calculate the highest common divisor of 21375 and 7950.
75
What is the greatest common factor of 87453 and 3634?
79
Calculate the highest common factor of 25380 and 5220.
180
Calculate the highest common divisor of 73390 and 34030.
410
Calculate the highest common divisor of 4324 and 15463.
47
Calculate the greatest common divisor of 900 and 79875.
225
Calculate the greatest common divisor of 776464 and 104.
104
What is the greatest common factor of 1782 and 93798?
162
Calculate the greatest common divisor of 6093 and 27.
9
Calculate the greatest common factor of 9650 and 4439.
193
Calculate the highest common divisor of 855 and 11240685.
855
What is the greatest common factor of 10252 and 301036?
932
Calculate the highest common divisor of 234 and 1205958.
78
What is the greatest common divisor of 85 and 51?
17
What is the highest common divisor of 19831 and 714?
7
What is the highest common divisor of 1455 and 838371?
291
What is the greatest common factor of 969426 and 9?
9
Calculate the greatest common factor of 306 and 501.
3
What is the greatest common divisor of 5818060 and 1164?
388
Calculate the greatest common divisor of 250 and 100875.
125
Calculate the highest common divisor of 922356 and 36.
36
Calculate the highest common factor of 30377 and 259.
37
Calculate the greatest common factor of 270090 and 1260.
90
Calculate the greatest common factor of 10940 and 400.
20
What is the highest common factor of 744 and 5016?
24
What is the greatest common divisor of 21 and 7218897?
21
Calculate the highest common divisor of 76239 and 129.
129
Calculate the greatest common factor of 432 and 6183.
27
Calculate the greatest common factor of 13 and 7209241.
13
Calculate the highest common divisor of 8 and 32392.
8
What is the greatest common divisor of 650 and 16640?
130
What is the highest common factor of 11227 and 2071?
109
Calculate the highest common divisor of 563111 and 229.
229
Calculate the greatest common divisor of 141132 and 133.
19
Calculate the highest common factor of 181 and 1223741.
181
What is the greatest common factor of 56820 and 210?
30
What is the highest common factor of 69305 and 7515?
835
Calculate the greatest common divisor of 381088 and 24.
8
Calculate the greatest common divisor of 2669 and 8551.
17
What is the greatest common divisor of 35680 and 48?
16
Calculate the greatest common factor of 5423 and 17765.
187
Calculate the highest common factor of 9008 and 256.
16
What is the highest common factor of 66320 and 320?
80
Calculate the greatest common factor of 4864 and 2048.
256
Calculate the highest common factor of 1456 and 5200.
208
What is the greatest common factor of 1 and 92119?
1
What is the greatest common factor of 1440 and 68220?
180
What is the greatest common divisor of 414205 and 425?
85
What is the highest common factor of 8140 and 41921?
407
What is the highest common divisor of 1380968 and 848?
424
Calculate the highest common divisor of 21 and 322.
7
What is the greatest common divisor of 23 and 182137?
23
What is the greatest common divisor of 9944 and 20340?
452
Calculate the greatest common divisor of 4468934 and 222.
74
Calculate the highest common divisor of 16073 and 37.
1
What is the highest common factor of 63713 and 169?
169
What is the highest common factor of 12 and 52440?
12
Calculate the highest common divisor of 561 and 32351.
187
What is the greatest common divisor of 529 and 1863?
23
Calculate the highest common factor of 60 and 3750.
30
Calculate the highest common factor of 18 and 1062.
18
What is the greatest common divisor of 253 and 36025?
11
Calculate the greatest common divisor of 846412 and 903.
301
What is the highest common factor of 449400 and 24?
24
Calculate the highest common factor of 49610 and 6985.
55
Calculate the greatest common factor of 64 and 111992.
8
Calculate the greatest common factor of 85421 and 7.
7
Calculate the greatest common factor of 140 and 15995.
35
What is the highest common divisor of 84 and 6918?